 -i = -5*i + 336. Let f = 641 + -613. What is the highest common factor of f and i?
28
Let u = -177 + 238. What is the greatest common factor of u and 488?
61
Let f be (-2 - 11058/6)*4/(-10). Calculate the highest common divisor of 18 and f.
18
Let u = 89 - 41. What is the greatest common factor of 128 and u?
16
Let p = 54 - 26. Suppose -4*g + 5*g = 0. Let c be (g - 2) + (18 - 9). What is the highest common divisor of c and p?
7
Suppose 14*u = -16*u + 5550. Calculate the highest common divisor of u and 148.
37
Let i = 1031 + -701. Calculate the greatest common divisor of i and 44.
22
Let h(k) = k. Let w(v) = -v**2 - 4*v + 16. Let c(x) = 3*h(x) - w(x). Let r be c(-15). What is the highest common factor of r and 26?
26
Suppose 0 = -31*c + 733 + 817. Calculate the highest common divisor of 190 and c.
10
Suppose 0 = 3*h - 2*z - 1092, -3 = -4*z + 3*z. Calculate the highest common factor of 6 and h.
6
Let r be (-4)/(0 - 16/12). Suppose -2*s + 4*t + 12 = 0, 3*s - r = 4*t + 23. Suppose 0 = k - 0*k - 154. What is the highest common factor of k and s?
14
Let k be (4*2)/((-4)/(-13 - -5)). Suppose -3*x + 19 = g, 4*x + 60 + k = 5*g. Calculate the greatest common divisor of 48 and g.
16
Let n = -164 - -180. Suppose 2*q + 2*l + n = 86, -4*q - l + 143 = 0. Calculate the greatest common factor of q and 324.
36
Let i(j) = 7*j + 2. Let r be i(3). Let n(v) = -27*v**3 - 4*v**2 - 5*v - 3. Let y be n(-2). What is the highest common factor of r and y?
23
Let f = -175 + 314. Let o = -130 + f. Calculate the highest common divisor of o and 99.
9
Suppose 1 = -2*l - 3*n - 0*n, 2*n + 6 = 0. Calculate the greatest common divisor of l and 16.
4
Suppose 4*u = 3*n + 2484, 2*u - 1067 - 175 = 3*n. Calculate the greatest common divisor of u and 92.
23
Let v(y) = -y**3 - 34*y**2 - 66*y - 41. Let c be v(-32). Let x be (-7)/(14/6) + (209 - -1). What is the greatest common divisor of c and x?
23
Let c = -283 - -403. Suppose 0 = -2*h + 10 + 58. Suppose -14 = -d + h. Calculate the highest common factor of d and c.
24
Let i be (-2)/3*861/7. Let q = i - -94. Suppose -2 = -4*j + 10. Calculate the highest common factor of j and q.
3
Let j be (4/(-7))/(156/(-21294)). Calculate the greatest common factor of j and 403.
13
Let n(i) = -3*i**2 - 4*i**2 - 7*i + i**2 + 14 + 5*i**2. Let h be n(-7). Calculate the greatest common factor of h and 35.
7
Suppose 2*j + 1 = 9. Suppose 0 = -2*y + j*c + 24, 0 = -c - 2 - 2. Let k be (4/(-5))/(4/(-10)). Calculate the greatest common divisor of y and k.
2
Suppose o = -4*s, 6*o = 3*o + 3*s + 30. What is the greatest common divisor of 10 and o?
2
Let a be 4/9 + 3050/225. What is the highest common factor of 46 and a?
2
Suppose 15*c - 2380 = -2*c. Calculate the greatest common divisor of c and 105.
35
Suppose -5 = -s - 1. Suppose 4*d = 3*p - 104, -29*p = -33*p + 5*d + 137. Calculate the greatest common divisor of p and s.
4
Let k be 2/(-3)*2*-3. Let z(c) = 24*c + 3. Let l be z(k). Let o be -1 - -11 - (-1)/1. Calculate the greatest common divisor of l and o.
11
Let o = 18 - 8. Let h = 53 - 60. Let y = h + o. Calculate the highest common factor of y and 6.
3
Let s(t) = 2*t**2 - t + 2 - 7*t - 4*t**2 + 14*t**3 + 4*t. Let g be s(2). What is the greatest common factor of 28 and g?
14
Suppose 2*y - 20 = -s, 0 = 5*y - 3*s - 58 + 19. Suppose 4*h - 12 = 12. Let v be (-3)/y - (-572)/h. What is the greatest common factor of v and 19?
19
Let b = 1957 - 874. Calculate the highest common divisor of b and 57.
57
Let g(c) = -11*c - 520. Let x be g(-50). What is the highest common divisor of x and 110?
10
Suppose -15*o + 35*o = 3780. Let r be ((-3)/2)/(5/(-10)). Let k = r - -18. Calculate the greatest common factor of k and o.
21
Let a(f) = 3*f - 10. Let n be (-2)/(36/(-147)) - (-4)/(-24). Let h be a(n). What is the greatest common factor of 35 and h?
7
Let h(z) = z**2 - 14*z + 25. Let m be h(13). Calculate the greatest common factor of 198 and m.
6
Suppose 4*b - 52 = 4*q, -3*q = 3*b - 7*b + 42. Let v(t) = t**2 + 7*t + 3. Let i be v(q). What is the greatest common factor of i and 11?
11
Let v be 8/20*(-25)/(-20)*64. What is the greatest common divisor of v and 32?
32
Suppose -3*g = -2*g - 2*w - 54, 3*g = 3*w + 162. Let c be ((-248)/(-36) - 7) + 244/9. What is the greatest common factor of c and g?
27
Suppose 5*k + 55 = 4*u, 3*u + 2*k - 24 = -0*u. Let i(w) = -w + 10. Let f be i(u). Let d be 24 - 7 - (f + 1). What is the greatest common factor of d and 80?
16
Let k(s) = 17*s - 8. Let b be k(17). Let h = b - 201. Let o = -43 - -75. Calculate the greatest common divisor of o and h.
16
Suppose 0 = 14*w - 5*w. Suppose w = -2*r - 3*k + 23, -5*k = -0*r - r + 5. Let p be 10/(-4)*(-48)/r. Calculate the highest common divisor of 132 and p.
12
Suppose 5 = -h + 6. Let n = h - 5. Let j(y) = 3*y**2 + 3*y + 6. Let m be j(n). Calculate the highest common divisor of m and 105.
21
Let k(w) = w**2 + 5*w + 5. Let t be k(-6). Let b(h) = h**2 + 4*h + 11. Suppose 4*x + 3*x = 49. Let m be b(x). Calculate the greatest common divisor of m and t.
11
Suppose -4*k + 219 = -297. Suppose 5*g = 438 - 13. Let j = k - g. Calculate the highest common factor of 4 and j.
4
Let w = 905 - 197. Let i be w/16 + 2/(-8). What is the highest common divisor of i and 4?
4
Suppose 0 = 21*n + 2*n - 276. What is the greatest common divisor of n and 324?
12
Suppose 2*u - 8 = -4*o, -2*u + 2*o = 5*o - 9. Suppose u + 36 = 2*h. What is the highest common factor of 7 and h?
7
Suppose 0*c + c = 53. Let p = -14 + 10. Let x = c + p. What is the greatest common factor of x and 7?
7
Let b(c) = -c**3 - 3*c**2 - 5*c - 2. Let p be (5 - (-22)/(-6))*18/(-4). Let h be b(p). Calculate the highest common factor of h and 17.
17
Let v = 12 - 2. Suppose 8*p - v*p + 8 = 0. Suppose p*u - 272 - 232 = 0. Calculate the greatest common factor of 14 and u.
14
Suppose -10*n + 12*n = -5*s + 3656, 1454 = 2*s - 2*n. Calculate the highest common factor of s and 10.
10
Let u(o) = 8*o. Let r be u(5). Let y = -19 - -20. Let a(x) = 17*x - 1. Let f be a(y). Calculate the highest common divisor of r and f.
8
Let q(a) = 8*a - 2. Let s be q(2). Suppose 2 = x - j, 0 = 3*j - 2*j. Let h be 1 - x*(-1)/2. Calculate the highest common divisor of h and s.
2
Let t(v) = -v**3 + 9*v**2 + 2*v - 30. Let c be t(9). Let x be (-39)/c + -3 - (-2235)/20. Calculate the greatest common factor of 14 and x.
14
Let g = -620 + 623. Suppose -f - 4*j = -31, 5*f - 3*j = f + 48. Calculate the greatest common factor of f and g.
3
Let c be (-4 + (-30)/(-9))*-294. Calculate the highest common divisor of c and 28.
28
Suppose 10*o - 99 = o. Suppose -23*j + o*j + 456 = 0. What is the greatest common factor of j and 266?
38
Let c be (690/184)/((-3)/128*-1). Calculate the greatest common factor of 224 and c.
32
Let q = 337 - 323. What is the highest common divisor of 840 and q?
14
Let i = -28 + 62. Suppose 0 = -11*x + 10*x + i. What is the highest common divisor of 17 and x?
17
Let d(m) = -m**2 + 4*m + 5. Let w be d(4). Let p(u) = u**3 - 3*u**2 - 4*u + 5. Let r be p(5). Calculate the greatest common factor of r and w.
5
Let s = -27 + 38. Let p = 9 + -10. Let i be p/((-1)/70) + -4. What is the greatest common divisor of s and i?
11
Suppose 114*c + 55*c = 5746. Suppose -4*m + 441 + 79 = 0. Suppose -d - 45 = -m. What is the greatest common factor of c and d?
17
Let s = -114 - -163. Calculate the highest common factor of 7 and s.
7
Let x(z) = -z**3 + 13*z**2 - 5*z + 108. Let l be x(13). What is the greatest common factor of 2 and l?
1
Suppose 7*a = 6*a + 3. Suppose -12*y = -8*y, 180 = 2*c + a*y. Let i(s) = 9*s**2 + s. Let h be i(1). Calculate the highest common factor of h and c.
10
Let u = -35 + 41. Let r = 34 - u. Calculate the highest common divisor of 42 and r.
14
Suppose -d - 4*s = -406, 2*d + 0*s - 821 = s. What is the greatest common factor of 10 and d?
10
Suppose 0 = 2*g - 158 - 40. What is the greatest common divisor of 55 and g?
11
Suppose 0 = -s - 6*y + 9*y + 31, 166 = 5*s - 4*y. What is the highest common factor of s and 68?
34
Let n be ((-6)/(-5))/(4/120). Suppose -2*m + 5*m + 3*k = -12, -2*m + 3*k = -17. Let i be 87*m + (1 - -2). Calculate the greatest common divisor of i and n.
18
Let t(r) be the third derivative of 7*r**2 + 0 + 0*r**4 + 0*r - 1/15*r**5 + r**3 - 1/120*r**6. Let k be t(-4).